{"id":127,"date":"2021-03-17T15:12:21","date_gmt":"2021-03-17T14:12:21","guid":{"rendered":"https:\/\/intermife.fr\/intermifeaura\/?page_id=127"},"modified":"2024-08-05T11:02:59","modified_gmt":"2024-08-05T09:02:59","slug":"accompagnement-vae","status":"publish","type":"page","link":"https:\/\/intermife.fr\/intermifeaura\/nos-prestations\/accompagnement-vae\/","title":{"rendered":"Accompagnement VAE"},"content":{"rendered":"<p>Le r\u00e9seau des MIFE depuis 2002, date de la cr\u00e9ation de la <strong><em>Validation des Acquis de l\u2019Exp\u00e9rience<\/em><\/strong> se sont inscrites dans la philosophie de ce dispositif \u00ab r\u00e9volutionnaire \u00bb qui permet \u00e0 tout individu quelque soit son niveau de dipl\u00f4me d\u2019obtenir une certification en relation avec ses exp\u00e9riences sans passer par la case formation.<\/p>\n<p>Longtemps Point d\u2019Info Conseil VAE, les MIFE ont \u00e9t\u00e9 \u00e0 l\u2019origine de <strong><em>nombreux Projets Collectifs de VAE<\/em><\/strong>, dans diff\u00e9rents secteurs d\u2019activit\u00e9s par un travail partenarial avec les entreprises, les OPCO et France Travail. Elles ont mis en \u0153uvre une m\u00e9thodologie d\u2019accompagnement renforc\u00e9 \u00e0 la VAE assurant aux individus des <strong><em>taux de r\u00e9ussite reconnus.<\/em><\/strong><\/p>\n<p>Le r\u00e9seau des MIFE propose plusieurs types de prestations VAE qui sont toutes modulaires en fonction des besoins du\/de la candidate :<\/p>\n<ul>\n<li>Accompagnement \u00e0 la VAE<\/li>\n<li>Accompagnement renforc\u00e9 \u00e0 la VAE<\/li>\n<li>Accompagnement \u00e0 distance<\/li>\n<li>Accompagnement post jury<\/li>\n<\/ul>\n<p>Ces prestations sont d\u00e9livr\u00e9es en Auvergne Rh\u00f4ne Alpes, elles s&#8217;adressent aux candidat.e.s issu.e.s de tout secteur d&#8217;activit\u00e9s qui souhaitent valider des certifications en relation avec leur exp\u00e9rience. Nous vous proposons en amont un diagnostic partag\u00e9 de situation qui permettra de d\u00e9finir ensemble la dur\u00e9e, le rythme et le contenu de notre accompagnement.<\/p>\n<p>Les lieux o\u00f9 l&#8217;accompagnement est possible :<\/p>\n<ul>\n<li><strong>Pour les accompagnements \u00e0 distance :<\/strong> l&#8217;offre est disponible partout sur le territoire Auvergne Rh\u00f4ne Alpes.<\/li>\n<li><strong>Pour les accompagnements en pr\u00e9sentiel <\/strong>ou mixte (pr\u00e9sentiel\/distance) : l&#8217;offre est disponible sur l&#8217;Ain, la Dr\u00f4me, l&#8217;Is\u00e8re et le Centre Is\u00e8re, la <a href=\"https:\/\/intermife.fr\/annuaire-des-mife\/mife-auvergne-43\/\" target=\"_blank\" rel=\"noopener\"><em>Haute Loire<\/em><\/a>, le Rh\u00f4ne, la <a href=\"https:\/\/intermife.fr\/annuaire-des-mife\/mife-loire-sud-saint-etienne-42\/\" target=\"_blank\" rel=\"noopener\"><em>Loire Sud<\/em><\/a>, la Savoie et <a href=\"https:\/\/intermife.fr\/annuaire-des-mife\/mife-haute-savoie-annecy-74\/\" target=\"_blank\" rel=\"noopener\"><em>Haute Savoie<\/em><\/a>.<\/li>\n<\/ul>\n<p>Pour connaitre les lieux\u00a0 de permanences vous pouvez d\u00e9j\u00e0 consulter la <strong><em><a href=\"https:\/\/intermife.fr\/annuaire-des-mife\/\" target=\"_blank\" rel=\"noopener\">cartographie des MIFE<\/a><\/em><\/strong><\/p>\n<p>Nous vous invitons \u00e0 visiter <a href=\"http:\/\/www.vae.gouv.fr\/\"><span style=\"color: #0000ff\"><strong><span style=\"font-size: 14pt\">le portail de la VAE<\/span><\/strong><\/span><\/a><\/p>\n<p>Nous mettons tout en \u0153uvre pour vous accueillir et mettre en place un accompagnement adapt\u00e9 \u00e0 toutes et tous<\/p>\n<p>&nbsp;<\/p>\n","protected":false},"excerpt":{"rendered":"<p>Le r\u00e9seau des MIFE depuis 2002, date de la cr\u00e9ation de la Validation des Acquis de l\u2019Exp\u00e9rience se sont inscrites dans la philosophie de ce dispositif \u00ab r\u00e9volutionnaire \u00bb qui permet \u00e0 tout individu quelque soit son niveau de dipl\u00f4me d\u2019obtenir une certification en relation avec ses exp\u00e9riences sans passer par la case formation. Longtemps [&hellip;]<\/p>\n","protected":false},"author":3,"featured_media":0,"parent":124,"menu_order":0,"comment_status":"closed","ping_status":"closed","template":"","meta":[],"_links":{"self":[{"href":"https:\/\/intermife.fr\/intermifeaura\/wp-json\/wp\/v2\/pages\/127"}],"collection":[{"href":"https:\/\/intermife.fr\/intermifeaura\/wp-json\/wp\/v2\/pages"}],"about":[{"href":"https:\/\/intermife.fr\/intermifeaura\/wp-json\/wp\/v2\/types\/page"}],"author":[{"embeddable":true,"href":"https:\/\/intermife.fr\/intermifeaura\/wp-json\/wp\/v2\/users\/3"}],"replies":[{"embeddable":true,"href":"https:\/\/intermife.fr\/intermifeaura\/wp-json\/wp\/v2\/comments?post=127"}],"version-history":[{"count":5,"href":"https:\/\/intermife.fr\/intermifeaura\/wp-json\/wp\/v2\/pages\/127\/revisions"}],"predecessor-version":[{"id":793,"href":"https:\/\/intermife.fr\/intermifeaura\/wp-json\/wp\/v2\/pages\/127\/revisions\/793"}],"up":[{"embeddable":true,"href":"https:\/\/intermife.fr\/intermifeaura\/wp-json\/wp\/v2\/pages\/124"}],"wp:attachment":[{"href":"https:\/\/intermife.fr\/intermifeaura\/wp-json\/wp\/v2\/media?parent=127"}],"curies":[{"name":"wp","href":"https:\/\/api.w.org\/{rel}","templated":true}]}}