{"id":235,"date":"2021-04-14T12:36:01","date_gmt":"2021-04-14T10:36:01","guid":{"rendered":"https:\/\/intermife.fr\/intermifeaura\/?page_id=235"},"modified":"2024-10-04T14:11:27","modified_gmt":"2024-10-04T12:11:27","slug":"rapport-activite","status":"publish","type":"page","link":"https:\/\/intermife.fr\/intermifeaura\/organisation\/rapport-activite\/","title":{"rendered":"RAPPORT ACTIVITE"},"content":{"rendered":"<p>[vc_row][vc_column][vc_column_text]InterMIFE Aura met \u00e0 disposition ses rapports d&#8217;activit\u00e9s et ses chiffres cl\u00e9s dans cette rubrique.[\/vc_column_text][\/vc_column][\/vc_row][vc_row][vc_column][vc_text_separator title=&#8221;Ann\u00e9e 2020&#8243; color=&#8221;custom&#8221; border_width=&#8221;5&#8243; accent_color=&#8221;#f0c300&#8243;][\/vc_column][\/vc_row][vc_row][vc_column][vc_column_text]Notre <a href=\"https:\/\/intermife.fr\/intermifeaura\/wp-content\/uploads\/sites\/2\/2024\/10\/rapport-annuel-2023_compressed.pdf\" target=\"_blank\" rel=\"noopener\"><em><strong><span style=\"color: #2e3192;\">Rapport d&#8217;activit\u00e9 2023<\/span><\/strong><\/em><\/a>[\/vc_column_text][\/vc_column][\/vc_row]<\/p>\n","protected":false},"excerpt":{"rendered":"<p>[vc_row][vc_column][vc_column_text]InterMIFE Aura met \u00e0 disposition ses rapports d&#8217;activit\u00e9s et ses chiffres cl\u00e9s dans cette rubrique.[\/vc_column_text][\/vc_column][\/vc_row][vc_row][vc_column][vc_text_separator title=&#8221;Ann\u00e9e 2020&#8243; color=&#8221;custom&#8221; border_width=&#8221;5&#8243; accent_color=&#8221;#f0c300&#8243;][\/vc_column][\/vc_row][vc_row][vc_column][vc_column_text]Notre Rapport d&#8217;activit\u00e9 2023[\/vc_column_text][\/vc_column][\/vc_row]<\/p>\n","protected":false},"author":3,"featured_media":0,"parent":187,"menu_order":0,"comment_status":"closed","ping_status":"closed","template":"","meta":[],"_links":{"self":[{"href":"https:\/\/intermife.fr\/intermifeaura\/wp-json\/wp\/v2\/pages\/235"}],"collection":[{"href":"https:\/\/intermife.fr\/intermifeaura\/wp-json\/wp\/v2\/pages"}],"about":[{"href":"https:\/\/intermife.fr\/intermifeaura\/wp-json\/wp\/v2\/types\/page"}],"author":[{"embeddable":true,"href":"https:\/\/intermife.fr\/intermifeaura\/wp-json\/wp\/v2\/users\/3"}],"replies":[{"embeddable":true,"href":"https:\/\/intermife.fr\/intermifeaura\/wp-json\/wp\/v2\/comments?post=235"}],"version-history":[{"count":6,"href":"https:\/\/intermife.fr\/intermifeaura\/wp-json\/wp\/v2\/pages\/235\/revisions"}],"predecessor-version":[{"id":898,"href":"https:\/\/intermife.fr\/intermifeaura\/wp-json\/wp\/v2\/pages\/235\/revisions\/898"}],"up":[{"embeddable":true,"href":"https:\/\/intermife.fr\/intermifeaura\/wp-json\/wp\/v2\/pages\/187"}],"wp:attachment":[{"href":"https:\/\/intermife.fr\/intermifeaura\/wp-json\/wp\/v2\/media?parent=235"}],"curies":[{"name":"wp","href":"https:\/\/api.w.org\/{rel}","templated":true}]}}