{"id":32,"date":"2020-11-13T13:51:50","date_gmt":"2020-11-13T12:51:50","guid":{"rendered":"https:\/\/intermife.fr\/intermifeaura\/?page_id=32"},"modified":"2023-01-26T16:16:15","modified_gmt":"2023-01-26T15:16:15","slug":"intermife-aura","status":"publish","type":"page","link":"https:\/\/intermife.fr\/intermifeaura\/","title":{"rendered":"INTERMIFE AURA"},"content":{"rendered":"<p>[vc_row][vc_column][rev_slider_vc alias=&#8221;Home1&#8243;][\/vc_column][\/vc_row][vc_row][vc_column width=&#8221;1\/3&#8243;][vc_column_text][\/vc_column_text][vc_custom_heading text=&#8221;Animer et coordonner les MIFE en Auvergne Rh\u00f4ne Alpes&#8221; font_container=&#8221;tag:p|text_align:center|color:%23ffffff&#8221; google_fonts=&#8221;font_family:Raleway%3A100%2C200%2C300%2Cregular%2C500%2C600%2C700%2C800%2C900|font_style:400%20regular%3A400%3Anormal&#8221; css=&#8221;.vc_custom_1618315673278{background-color: #f0c300 !important;}&#8221;][vc_column_text]InterMIFE Auvergne Rh\u00f4ne Alpes<\/p>\n<ul>\n<li>Repr\u00e9sente et d\u00e9fend les int\u00e9r\u00eats communs de ses adh\u00e9rents aupr\u00e8s des interlocuteurs comp\u00e9tents de l\u2019\u00c9tat, de la R\u00e9gion, des Collectivit\u00e9s territoriales, des Organismes professionnels, des Structures nationales et r\u00e9gionales concern\u00e9es par l\u2019action des MIFE ;<\/li>\n<li>D\u00e9veloppe l\u2019innovation (produits et m\u00e9thodes) dans le domaine de l\u2019information, de l\u2019orientation professionnelle et de la communication sur la Formation et l\u2019Emploi en direction de tous les publics ;<\/li>\n<li>Dans ce domaine, contribue \u00e0 diffuser leur savoir-faire et offrir des services d\u2019assistance, de conseil et de formation ;<\/li>\n<li>Anime un r\u00e9seau de praticiens de l\u2019information, de l\u2019orientation et de la communication sur la Formation et l\u2019Emploi.<\/li>\n<li>Porte des actions r\u00e9gionales de conseils, de formations et d\u2019accompagnement \u00e0 la validation des acquis de l\u2019exp\u00e9rience.<\/li>\n<\/ul>\n<p>[\/vc_column_text][\/vc_column][vc_column width=&#8221;1\/3&#8243;][vc_column_text][\/vc_column_text][vc_custom_heading text=&#8221;Proposer des actions de d\u00e9veloppement des comp\u00e9tences&#8221; font_container=&#8221;tag:p|text_align:center|color:%23ffffff&#8221; google_fonts=&#8221;font_family:Raleway%3A100%2C200%2C300%2Cregular%2C500%2C600%2C700%2C800%2C900|font_style:400%20regular%3A400%3Anormal&#8221; css=&#8221;.vc_custom_1615973881671{background-color: #f0c300 !important;}&#8221;][vc_column_text]InterMIFE Auvergne Rh\u00f4ne Alpes propose<\/p>\n<ul>\n<li>des prestations d&#8217;accompagnement \u00e0 la Validation des acquis d&#8217;Exp\u00e9rience pour tout public modulaires et individualis\u00e9es.<\/li>\n<li>des sessions de professionnalisation pour les professionnels du r\u00e9seau.<\/li>\n<\/ul>\n<p><img loading=\"lazy\" class=\"size-medium wp-image-434 alignleft\" src=\"https:\/\/intermife.fr\/intermifeaura\/wp-content\/uploads\/sites\/2\/2021\/10\/smq065-logo-qualiopi-300x160.png\" alt=\"\" width=\"300\" height=\"160\" srcset=\"https:\/\/intermife.fr\/intermifeaura\/wp-content\/uploads\/sites\/2\/2021\/10\/smq065-logo-qualiopi-300x160.png 300w, https:\/\/intermife.fr\/intermifeaura\/wp-content\/uploads\/sites\/2\/2021\/10\/smq065-logo-qualiopi-230x123.png 230w, https:\/\/intermife.fr\/intermifeaura\/wp-content\/uploads\/sites\/2\/2021\/10\/smq065-logo-qualiopi-350x187.png 350w, https:\/\/intermife.fr\/intermifeaura\/wp-content\/uploads\/sites\/2\/2021\/10\/smq065-logo-qualiopi-480x256.png 480w, https:\/\/intermife.fr\/intermifeaura\/wp-content\/uploads\/sites\/2\/2021\/10\/smq065-logo-qualiopi.png 633w\" sizes=\"(max-width: 300px) 100vw, 300px\" \/><\/p>\n<p>&nbsp;<\/p>\n<p>&nbsp;<\/p>\n<p>&nbsp;<\/p>\n<p>L&#8217;Organisme INTERMIFE AuRA &#8211;\u00a0 Num\u00e9ro d\u2019activit\u00e9 (NDA) : 84730219073 <em>(Cet enregistrement ne vaut pas agr\u00e9ment de l\u2019\u00c9tat)<\/em> a \u00e9t\u00e9 certifi\u00e9 par l&#8217;AFNOR en 2020 sur le R\u00e9f\u00e9rentiel National Qualiopi pour les activit\u00e9s suivantes :<\/p>\n<ul>\n<li>Actions de formation<\/li>\n<li>Accompagnement VAE<\/li>\n<\/ul>\n<p>[\/vc_column_text][\/vc_column][vc_column width=&#8221;1\/3&#8243;][vc_column_text][\/vc_column_text][vc_custom_heading text=&#8221;\u00catre acteur des politiques territoriales emploi formation&#8221; font_container=&#8221;tag:p|text_align:center|color:%23ffffff&#8221; google_fonts=&#8221;font_family:Raleway%3A100%2C200%2C300%2Cregular%2C500%2C600%2C700%2C800%2C900|font_style:400%20regular%3A400%3Anormal&#8221; css=&#8221;.vc_custom_1615973898377{background-color: #f0c300 !important;}&#8221;][vc_column_text]Intermife Auvergne Rh\u00f4ne Alpes est en capacit\u00e9 de :<\/p>\n<ul>\n<li>Mettre en place, animer et coordonner des projets partenariaux<\/li>\n<li>Contribuer aux actions partenariales Emploi Formation (Forums, salons, .)<\/li>\n<li>\u00catre relai des campagnes d&#8217;information nationales<\/li>\n<li>D\u00e9velopper une ing\u00e9nierie et une expertise d&#8217;accompagnement des parcours avec la Guidance Professionnelle Personnalis\u00e9e \u00ae<\/li>\n<li>Proposer des solutions sur mesure en direction des entreprises (transitions professionnelles, pyramides des \u00e2ges, VAE, besoins en competences, conseil en formation, .)<\/li>\n<\/ul>\n<p>[\/vc_column_text][\/vc_column][\/vc_row][vc_row full_width=&#8221;stretch_row&#8221; css=&#8221;.vc_custom_1615968987857{background-image: url(https:\/\/intermife.fr\/intermifeaura\/wp-content\/uploads\/sites\/2\/revslider\/Home1\/Intermife-sld-home1-back3.jpg?id=25) !important;background-position: center !important;background-repeat: no-repeat !important;background-size: cover !important;}&#8221;][vc_column][vc_column_text css_animation=&#8221;top-to-bottom&#8221;]<\/p>\n<h2 style=\"text-align: center\"><span style=\"font-size: 21pt;color: #333333\"><span style=\"color: #ffffff;font-size: 24pt\">NOS <\/span><strong><span style=\"color: #ffffff;font-size: 24pt\">ACTUALIT\u00c9S<\/span><br \/>\n<\/strong><\/span><img loading=\"lazy\" class=\"alignnone wp-image-228 size-full\" src=\"https:\/\/intermife.fr\/intermifeaura\/wp-content\/uploads\/sites\/2\/2021\/03\/Intermife-icon-arrow-down.png\" alt=\"\" width=\"39\" height=\"19\" \/><\/h2>\n<p>[\/vc_column_text][vc_masonry_grid post_type=&#8221;post&#8221; max_items=&#8221;3&#8243; style=&#8221;load-more&#8221; item=&#8221;basicGrid_ScaleInWithRotation&#8221; btn_title=&#8221;Lire la suite&#8221; btn_color=&#8221;default&#8221; grid_id=&#8221;vc_gid:1674745710569-eeb8c4c1-bb50-0&#8243;][vc_btn title=&#8221;TOUTES NOS ACTUALITES&#8221; style=&#8221;gradient-custom&#8221; gradient_custom_color_1=&#8221;#f0c300&#8243; gradient_custom_color_2=&#8221;#edb900&#8243; shape=&#8221;square&#8221; align=&#8221;center&#8221; i_align=&#8221;right&#8221; i_icon_fontawesome=&#8221;fa fa-play&#8221; css_animation=&#8221;fadeIn&#8221; add_icon=&#8221;true&#8221; link=&#8221;url:https%3A%2F%2Fintermife.fr%2Fintermifeaura%2Fcategory%2Factualites%2F|||&#8221;][\/vc_column][\/vc_row][vc_row][vc_column][vc_column_text]INTERMIFE AURA est soutenue par :<\/p>\n<p><a href=\"https:\/\/www.auvergnerhonealpes.fr\/\" target=\"_blank\" rel=\"noopener\"><img loading=\"lazy\" class=\" wp-image-115 alignleft\" src=\"https:\/\/intermife.fr\/intermifeaura\/wp-content\/uploads\/sites\/2\/2021\/03\/region-AuRA.png\" alt=\"\" width=\"155\" height=\"88\" srcset=\"https:\/\/intermife.fr\/intermifeaura\/wp-content\/uploads\/sites\/2\/2021\/03\/region-AuRA.png 299w, https:\/\/intermife.fr\/intermifeaura\/wp-content\/uploads\/sites\/2\/2021\/03\/region-AuRA-230x130.png 230w\" sizes=\"(max-width: 155px) 100vw, 155px\" \/><\/a><a href=\"https:\/\/auvergne-rhone-alpes.direccte.gouv.fr\/\" target=\"_blank\" rel=\"noopener\"><img loading=\"lazy\" class=\" wp-image-116 alignleft\" src=\"https:\/\/intermife.fr\/intermifeaura\/wp-content\/uploads\/sites\/2\/2021\/03\/direccte.jpg\" alt=\"\" width=\"75\" height=\"75\" srcset=\"https:\/\/intermife.fr\/intermifeaura\/wp-content\/uploads\/sites\/2\/2021\/03\/direccte.jpg 200w, https:\/\/intermife.fr\/intermifeaura\/wp-content\/uploads\/sites\/2\/2021\/03\/direccte-150x150.jpg 150w\" sizes=\"(max-width: 75px) 100vw, 75px\" \/><\/a><img loading=\"lazy\" class=\"wp-image-117 alignleft\" src=\"https:\/\/intermife.fr\/intermifeaura\/wp-content\/uploads\/sites\/2\/2021\/03\/c-logo__europeauvergne.png\" alt=\"\" width=\"152\" height=\"58\" srcset=\"https:\/\/intermife.fr\/intermifeaura\/wp-content\/uploads\/sites\/2\/2021\/03\/c-logo__europeauvergne.png 298w, https:\/\/intermife.fr\/intermifeaura\/wp-content\/uploads\/sites\/2\/2021\/03\/c-logo__europeauvergne-230x88.png 230w\" sizes=\"(max-width: 152px) 100vw, 152px\" \/><img loading=\"lazy\" class=\"wp-image-118 alignleft\" src=\"https:\/\/intermife.fr\/intermifeaura\/wp-content\/uploads\/sites\/2\/2021\/03\/Logo-UE-web-300x240.jpg\" alt=\"\" width=\"86\" height=\"69\" srcset=\"https:\/\/intermife.fr\/intermifeaura\/wp-content\/uploads\/sites\/2\/2021\/03\/Logo-UE-web-300x240.jpg 300w, https:\/\/intermife.fr\/intermifeaura\/wp-content\/uploads\/sites\/2\/2021\/03\/Logo-UE-web.jpg 506w, https:\/\/intermife.fr\/intermifeaura\/wp-content\/uploads\/sites\/2\/2021\/03\/Logo-UE-web-230x184.jpg 230w, https:\/\/intermife.fr\/intermifeaura\/wp-content\/uploads\/sites\/2\/2021\/03\/Logo-UE-web-350x280.jpg 350w, https:\/\/intermife.fr\/intermifeaura\/wp-content\/uploads\/sites\/2\/2021\/03\/Logo-UE-web-480x384.jpg 480w\" sizes=\"(max-width: 86px) 100vw, 86px\" \/>[\/vc_column_text][\/vc_column][\/vc_row]<\/p>\n","protected":false},"excerpt":{"rendered":"<p>[vc_row][vc_column][rev_slider_vc alias=&#8221;Home1&#8243;][\/vc_column][\/vc_row][vc_row][vc_column width=&#8221;1\/3&#8243;][vc_column_text][\/vc_column_text][vc_custom_heading text=&#8221;Animer et coordonner les MIFE en Auvergne Rh\u00f4ne Alpes&#8221; font_container=&#8221;tag:p|text_align:center|color:%23ffffff&#8221; google_fonts=&#8221;font_family:Raleway%3A100%2C200%2C300%2Cregular%2C500%2C600%2C700%2C800%2C900|font_style:400%20regular%3A400%3Anormal&#8221; css=&#8221;.vc_custom_1618315673278{background-color: #f0c300 !important;}&#8221;][vc_column_text]InterMIFE Auvergne Rh\u00f4ne Alpes Repr\u00e9sente et d\u00e9fend les int\u00e9r\u00eats communs de ses adh\u00e9rents aupr\u00e8s des interlocuteurs comp\u00e9tents de l\u2019\u00c9tat, de la R\u00e9gion, des Collectivit\u00e9s territoriales, des Organismes professionnels, des Structures nationales et r\u00e9gionales concern\u00e9es par l\u2019action des MIFE ; [&hellip;]<\/p>\n","protected":false},"author":3,"featured_media":0,"parent":0,"menu_order":0,"comment_status":"closed","ping_status":"closed","template":"page-templates\/page_fullwidth.php","meta":[],"_links":{"self":[{"href":"https:\/\/intermife.fr\/intermifeaura\/wp-json\/wp\/v2\/pages\/32"}],"collection":[{"href":"https:\/\/intermife.fr\/intermifeaura\/wp-json\/wp\/v2\/pages"}],"about":[{"href":"https:\/\/intermife.fr\/intermifeaura\/wp-json\/wp\/v2\/types\/page"}],"author":[{"embeddable":true,"href":"https:\/\/intermife.fr\/intermifeaura\/wp-json\/wp\/v2\/users\/3"}],"replies":[{"embeddable":true,"href":"https:\/\/intermife.fr\/intermifeaura\/wp-json\/wp\/v2\/comments?post=32"}],"version-history":[{"count":55,"href":"https:\/\/intermife.fr\/intermifeaura\/wp-json\/wp\/v2\/pages\/32\/revisions"}],"predecessor-version":[{"id":593,"href":"https:\/\/intermife.fr\/intermifeaura\/wp-json\/wp\/v2\/pages\/32\/revisions\/593"}],"wp:attachment":[{"href":"https:\/\/intermife.fr\/intermifeaura\/wp-json\/wp\/v2\/media?parent=32"}],"curies":[{"name":"wp","href":"https:\/\/api.w.org\/{rel}","templated":true}]}}